{"id":1267,"date":"2020-11-07T19:57:18","date_gmt":"2020-11-07T18:57:18","guid":{"rendered":"https:\/\/sante-augmentee.fr\/?page_id=1267"},"modified":"2021-06-16T17:43:17","modified_gmt":"2021-06-16T15:43:17","slug":"dietetique","status":"publish","type":"page","link":"https:\/\/sante-augmentee.fr\/index.php\/dietetique\/","title":{"rendered":"Di\u00e9t\u00e9tique"},"content":{"rendered":"\t\t<div data-elementor-type=\"wp-page\" data-elementor-id=\"1267\" class=\"elementor elementor-1267\">\n\t\t\t\t\t\t<section class=\"elementor-section elementor-top-section elementor-element elementor-element-4b74bcd7 elementor-section-boxed elementor-section-height-default elementor-section-height-default\" data-id=\"4b74bcd7\" data-element_type=\"section\" data-e-type=\"section\">\n\t\t\t\t\t\t<div class=\"elementor-container elementor-column-gap-default\">\n\t\t\t\t\t<div class=\"elementor-column elementor-col-100 elementor-top-column elementor-element elementor-element-125220d7\" data-id=\"125220d7\" data-element_type=\"column\" data-e-type=\"column\">\n\t\t\t<div class=\"elementor-widget-wrap elementor-element-populated\">\n\t\t\t\t\t\t<div class=\"elementor-element elementor-element-671ab300 elementor-widget elementor-widget-text-editor\" data-id=\"671ab300\" data-element_type=\"widget\" data-e-type=\"widget\" data-widget_type=\"text-editor.default\">\n\t\t\t\t<div class=\"elementor-widget-container\">\n\t\t\t\t\t\t\t\t\t\n<h3><span style=\"color: #7676ab;\">Profitez de nos conseils sant\u00e9.\u00a0<\/span><\/h3>\n<h5><span style=\"color: #999999;\">Consultez nos articles sur la di\u00e9t\u00e9tique :\u00a0 <\/span><\/h5>\n<p><\/p>\n<blockquote class=\"wp-block-quote is-layout-flow wp-block-quote-is-layout-flow\">\n<p><span style=\"color: #84ab0e;\"><em><strong><a class=\"rank-math-link\" style=\"color: #84ab0e;\" href=\"https:\/\/sante-augmentee.fr\/index.php\/lalimentation-equilibree\/\">L&rsquo;alimentation \u00e9quilibr\u00e9e<\/a><\/strong><\/em><\/span><\/p>\n<p><span style=\"color: #84ab0e;\"><em><strong><a style=\"color: #84ab0e;\" href=\"https:\/\/sante-augmentee.fr\/index.php\/lalimentation-des-femmes-enceintes\/\">L&rsquo;alimentation des femmes enceintes<\/a><\/strong><\/em><\/span><\/p>\n<p><span style=\"color: #84ab0e;\"><em><strong><a style=\"color: #84ab0e;\" href=\"https:\/\/sante-augmentee.fr\/index.php\/maigrir-meme-apres-40-ans\/\">Maigrir m\u00eame apr\u00e8s 40 ans<\/a><\/strong><\/em><\/span><\/p>\n<p><span style=\"color: #84ab0e;\"><strong><a style=\"color: #84ab0e;\" href=\"https:\/\/sante-augmentee.fr\/index.php\/lalimentation-vegetalienne\/\"><em>L&rsquo;alimentation v\u00e9g\u00e9talienne<\/em><\/a><\/strong><\/span><\/p>\n<\/blockquote>\n<p style=\"text-align: justify;\"><span style=\"color: #174a6e;\">Toute la joie de vivre est dans une bonne nutrition, en adoptant une alimentation di\u00e9t\u00e9tique vous go\u00fbterez \u00e0 une Vie saine et \u00e9quilibr\u00e9e !<\/span><\/p>\n<p><span style=\"color: #174a6e;\"><\/span><\/p>\n<p><span style=\"color: #174a6e;\">Les pr\u00e9cieux conseils de ce blog vous aiderons \u00e0 pr\u00e9server une excellente sant\u00e9.<\/span><\/p>\n<p><span style=\"color: #174a6e;\"><\/span><\/p>\n<p><span style=\"color: #174a6e;\">Je vous souhaite une bonne lecture !<\/span><\/p>\n<p><img fetchpriority=\"high\" decoding=\"async\" class=\"alignnone size-medium wp-image-2806\" src=\"https:\/\/sante-augmentee.fr\/wp-content\/uploads\/2020\/12\/jeune-femme-devant-une-coupe-de-fruits1-300x175.png\" alt=\"manger des fruits pour votre sant\u00e9\" width=\"300\" height=\"175\" srcset=\"https:\/\/sante-augmentee.fr\/wp-content\/uploads\/2020\/12\/jeune-femme-devant-une-coupe-de-fruits1-300x175.png 300w, https:\/\/sante-augmentee.fr\/wp-content\/uploads\/2020\/12\/jeune-femme-devant-une-coupe-de-fruits1.png 520w\" sizes=\"(max-width: 300px) 100vw, 300px\" \/><\/p>\n<p><span style=\"color: #12364a;\"><\/span><\/p>\n<figure class=\"wp-block-image\"><a href=\"http:\/\/www.copyrightfrance.com\/certificat-depot-copyright-france-J38J2L8.htm\" target=\"_blank\" rel=\"noreferrer noopener\"><img decoding=\"async\" class=\"alignnone wp-image-656\" title=\"copyright\" src=\"https:\/\/sante-augmentee.fr\/wp-content\/uploads\/2020\/10\/copyright.png\" alt=\"CopyrightFrance.com\" width=\"172\" height=\"66\" \/><\/a><\/figure>\n<p>\u00a0<\/p>\n\t\t\t\t\t\t\t\t<\/div>\n\t\t\t\t<\/div>\n\t\t\t\t\t<\/div>\n\t\t<\/div>\n\t\t\t\t\t<\/div>\n\t\t<\/section>\n\t\t\t\t<\/div>\n\t\t","protected":false},"excerpt":{"rendered":"<p>Profitez de nos conseils sant\u00e9.\u00a0 Consultez nos articles sur la di\u00e9t\u00e9tique :\u00a0 L&rsquo;alimentation \u00e9quilibr\u00e9e L&rsquo;alimentation des femmes enceintes Maigrir m\u00eame apr\u00e8s 40 ans L&rsquo;alimentation v\u00e9g\u00e9talienne Toute la joie de vivre est dans une bonne nutrition, en adoptant une alimentation di\u00e9t\u00e9tique vous go\u00fbterez \u00e0 une Vie saine et \u00e9quilibr\u00e9e ! Les pr\u00e9cieux conseils de ce blog [&hellip;]<\/p>\n","protected":false},"author":2,"featured_media":0,"parent":0,"menu_order":0,"comment_status":"closed","ping_status":"closed","template":"","meta":{"footnotes":""},"class_list":["post-1267","page","type-page","status-publish","hentry"],"_links":{"self":[{"href":"https:\/\/sante-augmentee.fr\/index.php\/wp-json\/wp\/v2\/pages\/1267","targetHints":{"allow":["GET"]}}],"collection":[{"href":"https:\/\/sante-augmentee.fr\/index.php\/wp-json\/wp\/v2\/pages"}],"about":[{"href":"https:\/\/sante-augmentee.fr\/index.php\/wp-json\/wp\/v2\/types\/page"}],"author":[{"embeddable":true,"href":"https:\/\/sante-augmentee.fr\/index.php\/wp-json\/wp\/v2\/users\/2"}],"replies":[{"embeddable":true,"href":"https:\/\/sante-augmentee.fr\/index.php\/wp-json\/wp\/v2\/comments?post=1267"}],"version-history":[{"count":0,"href":"https:\/\/sante-augmentee.fr\/index.php\/wp-json\/wp\/v2\/pages\/1267\/revisions"}],"wp:attachment":[{"href":"https:\/\/sante-augmentee.fr\/index.php\/wp-json\/wp\/v2\/media?parent=1267"}],"curies":[{"name":"wp","href":"https:\/\/api.w.org\/{rel}","templated":true}]}}