{"id":220,"date":"2020-09-27T19:00:16","date_gmt":"2020-09-27T17:00:16","guid":{"rendered":"https:\/\/sante-augmentee.fr\/?page_id=220"},"modified":"2021-07-23T08:17:35","modified_gmt":"2021-07-23T06:17:35","slug":"conseils-sante","status":"publish","type":"page","link":"https:\/\/sante-augmentee.fr\/index.php\/conseils-sante\/","title":{"rendered":"Conseils  Sant\u00e9"},"content":{"rendered":"\t\t<div data-elementor-type=\"wp-page\" data-elementor-id=\"220\" class=\"elementor elementor-220\">\n\t\t\t\t\t\t<section class=\"elementor-section elementor-top-section elementor-element elementor-element-3ad0a19 elementor-section-boxed elementor-section-height-default elementor-section-height-default\" data-id=\"3ad0a19\" data-element_type=\"section\" data-e-type=\"section\">\n\t\t\t\t\t\t<div class=\"elementor-container elementor-column-gap-default\">\n\t\t\t\t\t<div class=\"elementor-column elementor-col-100 elementor-top-column elementor-element elementor-element-3a3c255\" data-id=\"3a3c255\" data-element_type=\"column\" data-e-type=\"column\">\n\t\t\t<div class=\"elementor-widget-wrap elementor-element-populated\">\n\t\t\t\t\t\t<div class=\"elementor-element elementor-element-3a8d9a8 elementor-widget elementor-widget-text-editor\" data-id=\"3a8d9a8\" data-element_type=\"widget\" data-e-type=\"widget\" data-widget_type=\"text-editor.default\">\n\t\t\t\t<div class=\"elementor-widget-container\">\n\t\t\t\t\t\t\t\t\t<h3><span style=\"color: #7676ab;\">Profitez de nos conseils sant\u00e9.<\/span><\/h3><h5><span style=\"color: #999999;\">Cliquez sur le lien suivant\u00a0:<\/span><\/h5><blockquote><p><em><span style=\"color: #84ab0e;\"><strong><a style=\"color: #84ab0e;\" href=\"https:\/\/sante-augmentee.fr\/index.php\/vaincre-le-mal-de-dos\/\">Vaincre le mal de dos<\/a><\/strong><\/span><\/em><\/p><p><a href=\"https:\/\/sante-augmentee.fr\/index.php\/dietetique\/\"><em><strong><span style=\"color: #84ab0e;\">Di\u00e9t\u00e9tique<\/span><\/strong><\/em><\/a><\/p><p><strong><em><span style=\"color: #84ab0e;\"><a style=\"color: #84ab0e;\" href=\"https:\/\/sante-augmentee.fr\/index.php\/maladies\/\">Maladies<\/a><\/span><\/em><\/strong><\/p><p><em><strong><span style=\"color: #84ab0e;\"><a style=\"color: #84ab0e;\" href=\"https:\/\/sante-augmentee.fr\/index.php\/vitalite\/\">Vitalit\u00e9<\/a><\/span><\/strong><\/em><\/p><\/blockquote><p style=\"text-align: justify;\"><span style=\"color: #174a6e;\">Toute la joie de vivre est dans votre sant\u00e9, en prenant soin d&rsquo;elle vous go\u00fbterez \u00e0 une Vie saine et \u00e9quilibr\u00e9e !<\/span><\/p><p style=\"text-align: justify;\"><span style=\"color: #174a6e;\">Les pr\u00e9cieux conseils de ce blog peuvent vous aider \u00e0 pr\u00e9server une excellente sant\u00e9. <\/span><\/p><p style=\"text-align: left;\"><span style=\"color: #174a6e;\">Je vous souhaite une bonne lecture !<\/span><\/p><p style=\"text-align: center;\"><a href=\"http:\/\/www.copyrightfrance.com\/certificat-depot-copyright-france-J38J2L8.htm\" target=\"_blank\" rel=\"noopener\"><img decoding=\"async\" class=\"alignnone wp-image-656\" title=\"copyright\" src=\"https:\/\/sante-augmentee.fr\/wp-content\/uploads\/2020\/10\/copyright.png\" alt=\"CopyrightFrance.com\" width=\"172\" height=\"66\" \/><\/a><\/p><h2>\u00a0<\/h2>\t\t\t\t\t\t\t\t<\/div>\n\t\t\t\t<\/div>\n\t\t\t\t\t<\/div>\n\t\t<\/div>\n\t\t\t\t\t<\/div>\n\t\t<\/section>\n\t\t\t\t<\/div>\n\t\t","protected":false},"excerpt":{"rendered":"<p>Profitez de nos conseils sant\u00e9. Cliquez sur le lien suivant\u00a0: Vaincre le mal de dos Di\u00e9t\u00e9tique Maladies Vitalit\u00e9 Toute la joie de vivre est dans votre sant\u00e9, en prenant soin d&rsquo;elle vous go\u00fbterez \u00e0 une Vie saine et \u00e9quilibr\u00e9e ! Les pr\u00e9cieux conseils de ce blog peuvent vous aider \u00e0 pr\u00e9server une excellente sant\u00e9. Je [&hellip;]<\/p>\n","protected":false},"author":2,"featured_media":0,"parent":0,"menu_order":0,"comment_status":"closed","ping_status":"closed","template":"","meta":{"footnotes":""},"class_list":["post-220","page","type-page","status-publish","hentry"],"_links":{"self":[{"href":"https:\/\/sante-augmentee.fr\/index.php\/wp-json\/wp\/v2\/pages\/220","targetHints":{"allow":["GET"]}}],"collection":[{"href":"https:\/\/sante-augmentee.fr\/index.php\/wp-json\/wp\/v2\/pages"}],"about":[{"href":"https:\/\/sante-augmentee.fr\/index.php\/wp-json\/wp\/v2\/types\/page"}],"author":[{"embeddable":true,"href":"https:\/\/sante-augmentee.fr\/index.php\/wp-json\/wp\/v2\/users\/2"}],"replies":[{"embeddable":true,"href":"https:\/\/sante-augmentee.fr\/index.php\/wp-json\/wp\/v2\/comments?post=220"}],"version-history":[{"count":0,"href":"https:\/\/sante-augmentee.fr\/index.php\/wp-json\/wp\/v2\/pages\/220\/revisions"}],"wp:attachment":[{"href":"https:\/\/sante-augmentee.fr\/index.php\/wp-json\/wp\/v2\/media?parent=220"}],"curies":[{"name":"wp","href":"https:\/\/api.w.org\/{rel}","templated":true}]}}